t of z?
2
Suppose 155*d - 425 = 150*d. What is the tens digit of d?
8
Suppose 8335 = 4*n - q, 5*n = -33*q + 30*q + 10423. What is the units digit of n?
4
Suppose -2*f + f + 2 = 0. Let b(j) = -3*j - 7 - j - 4*j**f + 5*j + 0*j + j**3. What is the units digit of b(5)?
3
Suppose 8*t - 4*t - 3*v - 4007 = 0, t - v = 1001. What is the hundreds digit of t?
0
Suppose -10 + 30 = 5*k. Suppose -114 = -k*w + 66. What is the tens digit of w?
4
Suppose h = -0 - 4, -4*c = h + 16. Suppose -99 = -i - 8*i. Let o = i + c. What is the units digit of o?
8
Let t(u) = -u**2 + 11*u - 9. Let c be t(11). Let y be ((-48)/c + -1)*3. Let d = y + -7. What is the units digit of d?
6
Let j(f) = 2*f**3 + 4*f**2 + 14*f - 60. What is the units digit of j(9)?
8
What is the units digit of (-3666)/(-8) - (-13)/(-52)?
8
Suppose -15 = 3*o, -5*o - 4 - 11 = 5*a. Let w(d) = d**3 - 4*d**2 - 6*d + 6. Let c be w(5). Suppose a*g - c = 3. What is the units digit of g?
2
Let o = 1075 - -685. What is the units digit of o?
0
What is the tens digit of 18/(-171) + (-22669)/(-19)?
9
Suppose -2*x + p + 1635 = 0, 0 = -3*x - 6*p + 3*p + 2448. What is the units digit of x?
7
Let f be (-54)/(-63)*(-28)/(-3). Let g(r) = r**2 - 6*r - 3. What is the units digit of g(f)?
3
Suppose -27422 - 110353 = -33*t. What is the hundreds digit of t?
1
Suppose 7*y - 36 + 8 = 0. Suppose 0 = y*a - 958 + 190. What is the units digit of a?
2
Let z be (((-24)/(-1))/(-6))/(0 + 1). What is the units digit of ((-70)/z)/(3/18*3)?
5
Suppose -2*w - 10 = 4*v, 0 = 2*w + 3*v + 1 + 4. Suppose -w*c + 0 = -3*o + 6, 0 = -c + 3*o - 6. Suppose -i + c*i + 45 = 0. What is the units digit of i?
5
Suppose 1474 = k + 880. What is the hundreds digit of k?
5
Suppose 0 = l + 2 + 1. Let i be 30/14 + l/21. Suppose 0*r + 94 = i*r. What is the tens digit of r?
4
Let c(k) = -k**3 - 7*k**2 - 19*k - 5. What is the tens digit of c(-8)?
1
Let s = 85 + -80. Suppose 667 = 3*m + h, s*m = 2*m + 3*h + 675. What is the tens digit of m?
2
What is the hundreds digit of 93/217 + (8040/7 - 0)?
1
Let g(d) = 487*d - 264. What is the hundreds digit of g(6)?
6
What is the thousands digit of 11842/(-14)*-2 - (-40)/140?
1
Let m = -6 + 5. Let b(h) = 6*h**2 + 12*h**2 + 2 - 3. What is the tens digit of b(m)?
1
Suppose 3*f = 4*m - 5061, 0 = 2*m - 5*f + 3*f - 2530. What is the units digit of m?
6
Let n be (33/6 + -4)*4. What is the units digit of ((-212)/(-8))/(n/12)?
3
What is the thousands digit of (-216)/44 + (-7)/77 - -1892?
1
Suppose 0*b - 5*b + 2*m + 3211 = 0, 0 = -5*b - m + 3202. What is the hundreds digit of b?
6
Suppose -2*o + s = 3, 9*s - 4*s = -3*o + 15. Suppose o*m + m = 2. What is the units digit of (m/3)/(4/90)?
5
Suppose 0 = -5*b + 5*u - u + 35, u + 5 = 0. What is the units digit of (b/(-9))/((-4)/168)?
4
Let u = -17 - -22. Suppose -u*q - 19 = -109. Suppose -6*z + q = -z - 3*v, 4*v = -5*z + 11. What is the units digit of z?
3
Suppose -b = -2*a + 2*b - 46, -3*a + 3*b - 69 = 0. Let c = a + 118. What is the tens digit of c?
9
Let w(c) = -c**2 - c + 1. Let o be w(8). Let z = o - -148. What is the units digit of z?
7
Let z = -64 - -89. Suppose z = 2*x - 3*x. Let j = x + 60. What is the units digit of j?
5
Let k be (-22)/(((-1)/(-1))/(-4)). Suppose 0 = -3*o - k - 11. Let n = -17 - o. What is the units digit of n?
6
Let v be 12 + -2 - 9/3. Suppose -2*t + 4*l = -5*t + 8, -3*t = -2*l - 14. Suppose -t*q + 95 = v. What is the units digit of q?
2
Let i(n) = 66*n**2 + 15*n + 26. What is the units digit of i(-2)?
0
Let f(x) be the first derivative of x**3/3 + 5*x**2/2 - 3*x + 1. Let c = -370 + 361. What is the units digit of f(c)?
3
Let x be (-1)/(-3 + 1 + 1). What is the units digit of x*(3 + -2 + 44)?
5
Suppose -4*t + 27 = -3*t - 3*v, t - 11 = -v. Suppose 0 = 13*u - t*u + 344. What is the units digit of u?
2
Let v(f) = 8*f - 30. Let q be v(4). Suppose -5*t + 1033 = r, 5*t = 3*r - q*r + 1037. What is the units digit of t?
7
Let i = 20 - 9. Let n be 31/(-1) - (i - 8). Let m = n - -90. What is the units digit of m?
6
Let k(w) = -6*w - 3. Let a be k(-1). Let q = -10 + 15. Suppose -a*i = -3*x - 177, x - q*x = -4. What is the tens digit of i?
6
Suppose -42*q - 8700 = -47*q. What is the tens digit of q?
4
Suppose -1153 = -f - 3*y, 3*f - y - 699 = 2780. What is the units digit of f?
9
Let c(m) = -m - 2. Let d be c(-2). Suppose f - 5*f + 3*j + 550 = d, -2*f - 2*j = -282. What is the units digit of f?
9
Let r = 28 + -24. Suppose 2*x - 2 = 2*i, 3 = r*x - i - 16. Let c(s) = 9*s - 7. What is the units digit of c(x)?
7
Suppose 0 = r + 3*b - 574, -4*r = 6*b - 4*b - 2336. What is the tens digit of r?
8
Let l(r) = 3*r**2 + 4. Let p be l(-6). Let w = -41 - -121. Let q = p - w. What is the units digit of q?
2
Let d(i) = -i**3 - i**2 - i. Let r be d(0). Suppose -v + 530 - 1349 = r. What is the tens digit of (1/(-3))/(7/v)?
3
Let s be (-16)/(-5) + (-1)/5. Suppose 202 = 4*i - 3*m - 198, 100 = i - s*m. Suppose y + y = i. What is the tens digit of y?
5
Let c(l) = 4*l**2 - l + 346. What is the units digit of c(0)?
6
Suppose -3*n + 81 = -0*n. Let w = 17 + -12. Suppose 23 = w*s - n. What is the tens digit of s?
1
Let v(t) = -273*t + 146. What is the units digit of v(-3)?
5
Let v be 4/1 + -3 + 189. Suppose -5*h = j - 6*j - 190, -v = -5*h - 2*j. What is the tens digit of h?
3
Let c(t) = t**3 - 2*t**2 - 6*t - 1. Let j = 0 - -5. What is the tens digit of c(j)?
4
Let u(r) = -11*r + r**3 + 6 - 7*r**2 + r**2 - 4*r**2 + 3*r. Let m be u(11). Suppose 0 = p + 4*w - m, -6*p + p + 4*w = -267. What is the units digit of p?
1
Let s(p) = -p - 6. Let x be s(-4). What is the units digit of (0 + x - -35) + 4?
7
Let q = 166 - 86. Suppose -q = -2*h - 2*h. Suppose 4*n + w = h, -2*w + 4 = -5*n + 16. What is the units digit of n?
4
Let s(h) = -h**2 - 54*h - 2. What is the units digit of s(-17)?
7
Suppose 223 = -2*c - 19. Let p = -309 - c. What is the units digit of (-1)/(-6) + p/(-24)?
8
Suppose -1800 = -3*m - 0*m. What is the tens digit of 4/(-7) - m/(-21)?
2
Suppose 51 = 3*o - 9*l + 4*l, -27 = -3*o - 3*l. Suppose -3*y + 9*y - o = 0. What is the units digit of y?
2
Suppose 6*z - 1581 = 3795. What is the hundreds digit of z?
8
Let a = 222 - 42. What is the tens digit of (-3 - a)/(7/(-2) - -2)?
2
Let h = -512 + 947. Let y = -302 + h. What is the units digit of y?
3
Let w = 22 - 14. Suppose 0*t + w = 4*t. Suppose 3*f = 0, -2*s + 48 = 3*f - t*f. What is the tens digit of s?
2
Let s = 26 - 14. Let r be (30/s)/((-2)/(-4)). Suppose -3*t + 3*v = 2*t - 28, 4*t - 25 = r*v. What is the units digit of t?
5
Suppose -2*a + 1 = 23. Let d = -9 - a. Suppose d*t - 17 = -3*w, 2*w + w + 63 = 3*t. What is the units digit of t?
6
Suppose 2*u - 9*u + 1785 = 0. Suppose 0 = -4*d + 5*l + u, 0 = -5*d - 5*l + 136 + 194. What is the units digit of d?
5
Suppose 3*p + 2*n - 2259 = 6*n, -3*n + 1489 = 2*p. What is the tens digit of p?
4
Let k(t) = -10 - 2*t - 2*t**2 + 1 + 3*t**2. Let b be k(5). Suppose 5*m + 4*y - 7 = 0, 6*y = 3*y - b. What is the units digit of m?
3
Let n(s) = s**3 - 11*s**2 + 11*s + 1. What is the tens digit of n(10)?
1
Let m(o) = -30*o - 31. What is the units digit of m(-4)?
9
Let j(w) = 92*w**3 - 2*w**2 - w + 3. What is the hundreds digit of j(2)?
7
Let b(a) be the third derivative of -a**6/120 + a**5/6 - a**4/24 - 6*a**3 + 3*a**2. What is the hundreds digit of b(6)?
1
Let d = -914 - -1821. What is the hundreds digit of d?
9
Suppose -4*f - 2*f + 576 = 0. Suppose -13*u + f = 5. What is the units digit of u?
7
Let n be (-569)/(-7) + ((-36)/21)/6. Let g = 152 - n. What is the tens digit of g?
7
Suppose -k + 8 = -y, 2*y - y + 2*k = 4. Let c be 1*y + -1 + 88. Let o = -39 + c. What is the tens digit of o?
4
Let y(d) = -8*d - 10. Suppose -12 = 6*h - 3*h. What is the tens digit of y(h)?
2
Let m(g) = 14*g + 12. Let x(p) = 3*p**2 - 20*p + 12. Let n(t) = 3*t**2 - 20*t + 11. Let h(f) = -4*n(f) + 3*x(f). Let s be h(6). What is the tens digit of m(s)?
6
Let c(n) = -n**2 + 24*n - 2. Suppose 0 = -2*a + 16 + 22. What is the tens digit of c(a)?
9
What is the tens digit of (-10)/(-4) - 9576/(-16)?
0
Let q(h) = h. Let m be q(1). What is the tens digit of (-388)/8*(2 - (m + 3))?
9
Let a(l) be the second derivative of -l**5/20 + 3*l**4/4 - 3*l**3/2 + l**2/2 - 5*l. Let h be a(5). Suppose -13 = c - h. What is the units digit of c?
3
Suppose -15*b - 207